-50
Let b(l) = 5*l**3 - l**2 + 50*l - 93. What is b(2)?
43
Let t(z) = -3*z**2 + 28*z + 307. Determine t(-14).
-673
Let p(q) = -121*q + 242. Calculate p(2).
0
Let t(c) = 2*c**3 - 52*c**2 + 5*c - 131. Determine t(26).
-1
Let k(a) = -2273*a - 22726. Determine k(-10).
4
Let f(h) = 4*h**2 - 7*h - 13. Calculate f(-4).
79
Let b(x) = -x**3 - 106*x**2 + 445*x + 551. Give b(-110).
1
Let f(a) = 3*a**3 + 18*a**2 + 12*a + 64. Determine f(-6).
-8
Let r(i) = -i**2 + 21*i - 68. What is r(15)?
22
Let i(y) = -198*y**3 + 7*y**2 - 10*y - 17. Determine i(-1).
198
Let s(x) = 51*x**2 - 27*x + 59. Calculate s(4).
767
Let a(p) = -2*p**3 + 15*p**2 + 23*p - 1. Determine a(9).
-37
Let h(o) = -o**3 + 64*o**2 - 48*o - 947. Calculate h(63).
-2
Let o(u) = -u**3 - 37*u**2 - 38*u + 31. What is o(-36)?
103
Let v(a) = -489*a - 6858. Calculate v(-14).
-12
Let p(c) = -167*c + 1216. Determine p(7).
47
Let d(h) = -h**3 - 17*h**2 + 21*h - 758. Determine d(-20).
22
Let d(p) = 50*p**3 - 199*p**2 + 5*p - 19. What is d(4)?
17
Let y(f) = f**3 - 23*f**2 + 51*f - 1202. Calculate y(23).
-29
Let f(x) = x**2 - 10*x - 61. Determine f(17).
58
Let i(q) = 34*q**2 + 252*q + 510. What is i(-2)?
142
Let n(t) = t**3 + 19*t**2 - 28*t + 19. Give n(-20).
179
Let o(v) = 17*v + 859. Determine o(-58).
-127
Let y(h) = 4*h**3 - 24*h**2 + 11*h + 52. What is y(5)?
7
Let z(q) = -4*q**3 - 16*q**2 + 2*q - 93. Calculate z(-5).
-3
Let g(i) = -7*i**2 - 100*i - 270. Determine g(-4).
18
Let s(o) = 24*o**2 - 92*o - 39. Calculate s(5).
101
Let x(p) = p**2 - 2076*p - 16605. Give x(-8).
67
Let h(r) = 7*r**3 + 16*r - 16. What is h(1)?
7
Let d(l) = -4*l**2 - 28*l + 53. Give d(2).
-19
Let j(r) = r**3 - 32*r**2 + 25*r + 1058. What is j(30)?
8
Let m(j) = j**3 + 19*j**2 - 69*j + 106. Calculate m(-22).
172
Let w(h) = -h**2 + 159*h - 6309. Give w(82).
5
Let s(w) = 5*w**3 + 7*w**2 + w - 9. Determine s(3).
192
Let y(r) = -r**3 - 8*r**2 + 6*r + 104. Give y(-7).
13
Let c(a) = 2058*a + 30854. Determine c(-15).
-16
Let c(w) = 12*w**2 + 80*w + 37. Calculate c(-6).
-11
Let c(z) = z**3 - 15*z**2 - 53*z - 24. Calculate c(18).
-6
Let p(f) = 27*f + 58. Give p(-5).
-77
Let o(c) = -3*c**2 - 103*c - 50. Calculate o(-34).
-16
Let l(c) = c**3 - 16*c**2 - 12*c + 40. Calculate l(17).
125
Let y(s) = s + 44. Determine y(-15).
29
Let g(i) = -57*i + 1083. Determine g(19).
0
Let s(p) = p**2 - 3*p - 83. Calculate s(-6).
-29
Let x(j) = 21*j + 164. Give x(-9).
-25
Let j(v) = 43*v - 81. Calculate j(7).
220
Let j(o) = o**3 + 13*o**2 - 18*o + 182. Determine j(-15).
2
Let p(x) = 21*x**2 - 134*x - 831. What is p(-6)?
729
Let w(n) = 38*n + 192. Give w(-12).
-264
Let n(j) = -7985*j + 47914. Give n(6).
4
Let w(j) = 377*j - 24485. What is w(65)?
20
Let c(u) = -17*u**2 - 213*u - 6. Calculate c(-10).
424
Let h(n) = 524*n - 171. What is h(2)?
877
Let i(g) = -23*g + 90. What is i(4)?
-2
Let f(v) = -4307*v - 8620. What is f(-2)?
-6
Let b(f) = -3*f**3 + 21*f**2 - 7*f + 121. Calculate b(7).
72
Let a(k) = 2*k**3 + 15*k**2 - 2*k - 119. Calculate a(-5).
16
Let v(y) = 3*y**2 + 167*y - 37. What is v(-56)?
19
Let z(v) = -73*v - 12. What is z(-2)?
134
Let n(d) = 8*d**2 + 178*d - 53. Determine n(-22).
-97
Let i(m) = 103*m + 1443. Determine i(-11).
310
Let d(u) = 18*u + 60. Give d(-5).
-30
Let j(o) = -7*o + 85. Determine j(6).
43
Let s(r) = 19*r - 620. What is s(30)?
-50
Let g(f) = -26*f + 13. Give g(-1).
39
Let d(i) = -2*i**2 - 27*i - 119. Calculate d(-14).
-133
Let o(q) = -q**2 - 6*q + 14. Calculate o(-9).
-13
Let o(u) = -21*u**2 - 75*u - 151. Give o(-2).
-85
Let l(g) = 10*g**3 - 80*g**2 - 4*g - 15. Determine l(8).
-47
Let g(x) = -x**3 - 5*x**2 + 71*x + 556. Give g(-9).
241
Let c(f) = -22*f + 860. Calculate c(37).
46
Let s(n) = n + 18. Give s(-10).
8
Let o(z) = 100*z + 303. Determine o(-3).
3
Let r(a) = -a**2 - 143*a - 4803. What is r(-60)?
177
Let r(s) = 139*s - 404. Calculate r(3).
13
Let b(y) = 3*y**3 + 56*y**2 - 12*y + 141. Determine b(-19).
8
Let l(y) = -2*y**3 + 21*y**2 + 85*y + 44. What is l(-3)?
32
Let a(o) = -o**2 - 148*o + 1250. Calculate a(8).
2
Let f(h) = h**3 - 23*h**2 + 23*h - 75. Calculate f(22).
-53
Let c(m) = -m**3 - 17*m**2 + 17*m - 49. What is c(-18)?
-31
Let n(k) = k**3 + 2*k**2 - 4*k - 16. Determine n(-7).
-233
Let w(x) = 637*x - 2614. Determine w(4).
-66
Let r(s) = -s**3 - 120*s**2 + 498*s - 27. Determine r(4).
-19
Let j(r) = -3*r**2 + 130*r - 1464. What is j(26)?
-112
Let u(b) = -4*b**2 + 28*b + 23. Calculate u(8).
-9
Let n(t) = -59*t + 1335. Calculate n(23).
-22
Let q(v) = -6*v**3 + 210*v**2 + 218*v - 72. Determine q(36).
0
Let u(i) = -483*i**2 - 22*i + 21. What is u(1)?
-484
Let z(a) = -117*a - 6678. Give z(-57).
-9
Let k(a) = -4*a**2 - 22*a - 45. Calculate k(-9).
-171
Let d(m) = 46*m - 570. Calculate d(13).
28
Let v(t) = t**3 - 5*t**2 - 7*t + 506. Give v(0).
506
Let l(u) = -u**2 - 181*u - 697. Give l(-4).
11
Let i(j) = 105*j - 13453. Calculate i(128).
-13
Let v(t) = 137*t - 17848. Calculate v(130).
-38
Let u(d) = 3*d**3 + 32*d**2 + 215*d + 2484. Calculate u(-11).
-2
Let v(y) = y**3 + 50*y**2 + 117*y + 1019. Calculate v(-48).
11
Let o(c) = c + 17. Calculate o(-26).
-9
Let i(p) = 26*p**2 - 332*p + 726. What is i(10)?
6
Let q(c) = -c**2 - 25*c + 490. Calculate q(-38).
-4
Let r(f) = 6*f**3 + 20*f - 10. Give r(5).
840
Let l(x) = -x**3 + 7*x**2 - 33*x + 140. Determine l(5).
25
Let x(i) = -2*i**3 + 47*i**2 - 20*i - 2. Calculate x(23).
67
Let m(s) = s**2 + 5*s + 28. What is m(-4)?
24
Let v(b) = -9*b + 6. What is v(-1)?
15
Let j(w) = 3*w**3 - 9*w**2 + 16*w - 48. Determine j(3).
0
Let g(l) = 193*l - 511. Calculate g(5).
454
Let b(w) = 2*w**2 + 6*w - 62. Give b(-8).
18
Let q(m) = 13*m**3 + 5*m**2 - 47*m - 149. Determine q(-3).
-314
Let w(h) = 2*h + 5. Give w(-6).
-7
Let z(n) = 13*n - 45. Determine z(4).
7
Let u(v) = 16*v**2 + 2179*v + 404. What is u(-136)?
-4
Let t(h) = -h**3 - 96*h**2 - 619*h + 370. Give t(-89).
14
Let x(j) = j**3 + 53*j**2 + 639*j - 141. Give x(-19).
-8
Let n(u) = -u**3 + 24*u**2 - 75*u - 50. Give n(20).
50
Let k(r) = -378*r + 24233. Give k(64).
41
Let r(u) = -3*u**2 + 9*u - 41. Determine r(13).
-431
Let m(a) = -2*a**3 + 9*a**2 - 7*a + 26. Give m(5).
-34
Let h(q) = -187*q - 1156. Determine h(-6).
-34
Let h(d) = -d**3 + 138*d**2 - 554*d + 2405. What is h(134)?
-7
Let m(o) = o**3 + 4*o**2 - 3*o - 46. What is m(-5)?
-56
Let k(s) = 6*s**2 + 135*s + 56. Calculate k(-22).
-10
Let d(r) = -7*r**3 - r**2 - 7*r + 9. What is d(1)?
-6
Let t(n) = -235*n**2 - 17*n + 15. Calculate t(1).
-237
Let o(c) = -11*c**3 + 133*c**2 + 5*c - 201. Give o(12).
3
Let u(l) = 2*l**3 - 34*l**2 + 29*l - 203. Calculate u(16).
-251
Let d(c) = 4*c**2 + 166*c - 249. Give d(-43).
9
Let r(u) = 4*u**2 + 595*u + 5402. Give r(-139).
-19
Let v(b) = -b**3 + 2*b**2 + 9*b - 13. Determine v(2).
5
Let l(f) = f**2 + 17*f + 51. What is l(-6)?
-15
Let h(u) = u**2 - 173*u + 848. Calculate h(5).
8
Let j(p) = -p**3 - 5*p**2 + 14*p + 27. Give j(-7).
27
Let m(q) = -q**3 + 66*q**2 - 245*q - 208. What is m(62)?
-22
Let h(i) = -497*i - 993. Calculate h(-2).
1
Let t(g) = g**3 - 7*g**2 - 18*g - 14. Calculate t(9).
-14
Let p(m) = m**3 + m**2 - 1000*m + 2. Calculate p(0).
2
Let d(p) = 5*p**2 - 118*p + 70. Give d(23).
1
Let k(a) = -3*a**2 + 11*a - 47. Determine k(5).
-67
Let l(r) = -r**3 - 10*r**2 - 6*r - 1. Determine l(-8).
-81
Let k(u) = -38*u - 718. Give k(-22).
118
Let h(s) = 33*s**2 + 176*s. Calculate h(-6).
132
Let o(c) = -6*c**2 + 675*c + 366. Determine o(113).
27
Let p(l) = 2*l**3 + 14*l**2 + 29*l - 115. Calculate p(-6).
-217
Let h(u) = 3*u**2 + 231*u - 422. Calculate h(-78).
-188
Let r(z) = -z**3 + 13*z**2 + z + 159. Give r(14).
-23
Let o(t) = -6701*t - 33512. Give o(-5).
-7
Let w(k) = k**3 + 13*k**2 + 28*k - 13. Give w(-10).
7
Let l(c) = -c**3 + 25*c**2 + 220*c - 42. Calculate l(-7).
-14
Let c(k) = 19*k**3 - k**2 - 22*k + 23. Calculate c(1).
19
Let a(g) = -g**3 + 5*g**2 - 9*g + 45. What is a(6)?
-45
Let g(u) = -u**3 + 37*u**2 - 71*u + 62. Give g(35).
27
Let x(f) = 3*f**3 - 33*f**2 - 7*f + 23. Calculate x(8).
-609
Let u(y) = 54*y**2 + 138*y - 1118. Give u(-6).
-2
Let g(o) = 4*o**3 - o**2 - 6*o + 10. Determine g(4).
226
Let u(p) = 2*p**2 + 1722*p - 6912. Calculate u(4).
8
Let u(x) = -x**3 + 4*x**2 + 9*x + 86. Determine u(0).
86
Let v(d) = -d**3 + 98*d**2 - 944*d - 136. Calculate v(11).
7
Let i(j) 